{"id":145,"date":"2016-09-09T08:41:53","date_gmt":"2016-09-09T08:41:53","guid":{"rendered":"http:\/monopol.previewww.pl\/?page_id=145"},"modified":"2024-04-26T17:24:31","modified_gmt":"2024-04-26T15:24:31","slug":"bartosz-kokosinski","status":"publish","type":"artist","link":"https:\/\/galeriamonopol.pl\/pl\/artists\/bartosz-kokosinski\/","title":{"rendered":"Bartosz Kokosi\u0144ski"},"content":{"rendered":"<p>Bartosz Kokosi\u0144ski urodzi\u0142 si\u0119 w 1984. Malarz, artysta wizualny. W latach 2004\u20132009 studiowa\u0142 na wydziale malarstwa w Akademii Sztuk Pi\u0119knych w Krakowie. Czterokrotny stypendysta Ministra Kultury i Dziedzictwa Narodowego. Bra\u0142 udzia\u0142 m.in. w 6. Triennale Sztuki M\u0142odych w Oro\u0144sku oraz w 10. Konkursie Gepperta we Wroc\u0142awiu, a w 2015 roku otrzyma\u0142 wyr\u00f3\u017cnienie na 42. Biennale Malarstwa \u201eBielska Jesie\u0144\u201d.<\/p>\n<p><em>Bartosz Kokosi\u0144ski, podejmuje artystyczn\u0105 refleksj\u0119 nad fenomenem obrazu, ponawiaj\u0105c pytanie o jego status i znaczenie. Nie interesuje go aspekt ilustracyjno\u015bci medium malarstwa, ale sam proces malarski, fizyczno\u015b\u0107 materii, z kt\u00f3rej powstaje obraz. Artysta poddaje obrazy deformacji: wygina ich struktur\u0119, wywraca p\u0142\u00f3tna na drug\u0105 stron\u0119, wpycha do nich r\u00f3\u017cne przedmioty. Jego dzie\u0142a bywaj\u0105 u\u0142omne, \u201echoruj\u0105\u201d, prezentuj\u0105 widzom swoje niedoskona\u0142o\u015bci (\u2026). Malarstwo Kokosi\u0144skiego ma w sobie silny pierwiastek autentyczno\u015bci, jest zapisem do\u015bwiadcze\u0144 i emocji, zw\u0105tpie\u0144 i podejmowanych na nowo pr\u00f3b wypracowania w\u0142asnego j\u0119zyka wypowiedzi w tym nieuznaj\u0105cym kompromis\u00f3w medium.<\/em><\/p>\n<p style=\"text-align: right;\">Ewa Gorz\u0105dek<\/p>\n<p>&nbsp;<\/p>\n<p>Wybrane wystawy indywidualne:<\/p>\n<p>2023<\/p>\n<p><em>\u015awiat jako t\u0142o<\/em>, Galeria Sztuki Wsp\u00f3\u0142czesnej Pastula, Warszawa, PL<\/p>\n<p>2022<\/p>\n<p><em>L\u015bnienia<\/em>, ABC Gallery, Pozna\u0144, PL (z Konradem Maciejewiczem)<\/p>\n<p><em>Egzotarium<\/em>, Galeria Geppart, Wroc\u0142aw, PL<\/p>\n<p><em>L\u015bnienia<\/em>, Inne Towarzystwo, Warszawa, PL (z Konradem Maciejewiczem)<\/p>\n<p><em>Czarno to widz\u0119<\/em>, Galeria Monopol, Warszawa,\u00a0PL<\/p>\n<p><em>Bartosz Kokosi\u0144ski<\/em>, Galerie Dolu Michal, Ostrawa, CZ<\/p>\n<p>2020<\/p>\n<p><em>Niedoko\u0144czone historie<\/em>, Fundacja KZMRZ, Kazimierz Dolny,\u00a0PL<\/p>\n<p>2019<\/p>\n<p><em>Bye Bye Budapest!<\/em>, Galeria 1111, Budapeszt, W\u0119gry, HU<\/p>\n<p>2017<\/p>\n<p><em>Czad<\/em>, Galeria Krynki, Krynki, PL<\/p>\n<p><em>Pastelowy osiedlowy<\/em>, Galeria Monopol, Warszawa, PL<\/p>\n<p><em>Wsp\u00f3lnota wyobra\u017ce\u0144 o g\u0119sto\u015bci<\/em>, Pa\u0144stwowa Galeria Sztuki, Sopot, PL<\/p>\n<p>2016<\/p>\n<p><em>Moment \u015bcinaj\u0105cy ko\u0142ek<\/em>, Project Room, Centrum Sztuki Wsp\u00f3\u0142czesnej Zamek Ujazdowski, Warszawa, PL<\/p>\n<p><em>Zgrzyt<\/em>, Galeria BWA, Miejski O\u015brodek Sztuki, Gorz\u00f3w Wielkopolski, PL<\/p>\n<p><em>Dysfunctional Matter<\/em>, Knoll Galerie, Wiede\u0144, AT<\/p>\n<p>2015<\/p>\n<p><em>Nic nie jest prawdziwe, ale wszystko mo\u017cliwe,<\/em> Galeria Wie\u017ca Ci\u015bnie\u0144, Konin, PL<\/p>\n<p><em>Termokoloryzacja<\/em>, Lubelska 30\/32, Warszawa, PL<\/p>\n<p><em>Opary<\/em>, ABC Gallery, Pozna\u0144, PL<\/p>\n<p>2014<\/p>\n<p><em>Crack<\/em>, Knoll Galerie Budapest, Budapeszt, HU<\/p>\n<p><em>Crack<\/em>, Knoll Galerie Wien, Wiede\u0144, AT<\/p>\n<p>2013<\/p>\n<p><em>Perwersyjne odchody my\u015bli <\/em>(Thomas Bernhard), Galeria Promocyjna, Warszawa, PL<\/p>\n<p><em>Bilder fressen Wirklichkeit,<\/em>\u00a0Klub Polskich Nieudacznik\u00f3w, Berlin, DE<\/p>\n<p><em>Gor\u0105czka<\/em>, ABC Gallery, Pozna\u0144, PL<\/p>\n<p>2012<\/p>\n<p><em>Niekontrolowane tre\u015bci<\/em>, M\u0142ode Forum Sztuki, Lublin, PL<\/p>\n<p><em>(Nie)porz\u0105dek rzeczy<\/em>, Bunkier Sztuki, Krak\u00f3w, PL<\/p>\n<p>2011<\/p>\n<p><em>Niekt\u00f3re obrazy nie chc\u0105 by\u0107 namalowane<\/em>, Galeria Sztuki Wsp\u00f3\u0142czesnej BWA, Katowice, PL<\/p>\n<p><em>(no) body (no) soul (no) art<\/em>, Galeria Kameralna, S\u0142upsk, PL<\/p>\n<p>2010<\/p>\n<p><em>W formie,<\/em> Muzeum Miejskie Sztygarka, D\u0105browa G\u00f3rnicza, PL<\/p>\n<p><em>Na pocz\u0105tek-koniec,<\/em> Galeria Nova, Krak\u00f3w, PL<\/p>\n<p>2007<\/p>\n<p><em>Wstyd przed powt\u00f3rzeniem<\/em>, Galeria Nova, Krak\u00f3w, PL<\/p>\n<p>&nbsp;<\/p>\n<p>Wybrane wystawy zbiorowe:<\/p>\n<p>2023<\/p>\n<p><em>Co robimy z reszt\u0105 dnia<\/em>, Pani Domu, Pozna\u0144, PL<\/p>\n<p>2022<\/p>\n<p><em>Z rodzin\u0105<\/em>, Inne Towarzystwo, Warszawa, PL<\/p>\n<p><em>Widzialno\u015b\u0107<\/em>, NOWA Art Space, Nowa Ruda, PL<\/p>\n<p>2019<\/p>\n<p><em>Nazywam si\u0119 Czerwie\u0144<\/em>, Pa\u0144stwowa Galeria Sztuki, Sopot, PL<\/p>\n<p><em>Czarna \u017c\u00f3\u0142\u0107<\/em>, Galeria Kameralna, S\u0142upsk, PL<\/p>\n<p><em>Dotknij sztuki<\/em>, Centrum Sztuki Wsp\u00f3\u0142czesnej Zamek Ujazdowski, Warszawa, PL<\/p>\n<p><em>Lato w mie\u015bcie<\/em>, Galeria Monopol, Warszawa, PL<\/p>\n<p><em>Natura w sztuce<\/em>, Muzeum Sztuki Wsp\u00f3\u0142czesnej MOCAK, Krak\u00f3w, PL<\/p>\n<p>2018<\/p>\n<p><em>Jak Cybis?<\/em>, Galeria Muzeum \u015al\u0105ska Opolskiego, Opole, PL<\/p>\n<p><em>\u017bycie jest podw\u00f3rkiem<\/em>, w ramach 13. Festiwalu Sztuki Wizualnej\u00a0inSPIRACJE, TRAFO Trafostacja Sztuki, Szczecin, PL<\/p>\n<p><em>Nag\u0142a \u015bmier\u0107 g\u0142\u00f3wnego bohatera<\/em>, KUBIK art space, Budapeszt, HU<\/p>\n<p><em>Prace oboj\u0119tne<\/em>, Galeria Sztuki im. Jana Tarasina, Kalisz, PL<\/p>\n<p><em>Powietrze i inne rzeczy potrzebne nam do \u017cycia<\/em>, Galeria Bielska BWA, Bielsko-Bia\u0142a, PL<\/p>\n<p><em>Kunszt. 100 lat Polskiej Rze\u017aby<\/em>, Muzeum Sztuki Bourse, Ryga, LV<\/p>\n<p>2017<\/p>\n<p><em>Co z t\u0105 abstrakcj\u0105?<\/em>, Fundacja Stefana Gierowskiego, Warszawa, PL<\/p>\n<p><em>Kunstwerk Leben<\/em>, Center for Persecuted Arts, Solingen, DE<\/p>\n<p><em>Cudowne lata, Kokosi\u0144ski \/ Matyszewski<\/em>, Galeria Bia\u0142a, Lublin, PL<\/p>\n<p><em>#biblioteka<\/em>, Centrum Kultury Zamek, Pozna\u0144, PL<\/p>\n<p>2016<br \/>\n<em>DADA tak? tak!,<\/em> Galeria Biala, Lublin, PL<\/p>\n<p><em>Wreszcie we w\u0142asnym domu. Dom polski w transformacji<\/em>. Festiwal <em>Warszawa w budowie<\/em>, Warszawa, PL<\/p>\n<p><em>Poszukuj\u0105c wolno\u015bci. Polskie malarstwo wsp\u00f3\u0142czesne<\/em>, Muzeum narodowe, Kij\u00f3w, UA<\/p>\n<p><em>Medycyna w sztuce<\/em>, Muzeum Sztuki Wsp\u00f3\u0142czesnej, Krak\u00f3w, PL<\/p>\n<p>Ojciec szklarz, matka szyba&#8221;, galeria Henryk, Krak\u00f3w, PL<\/p>\n<p><em>Inny \u015bwiat<\/em>, BWA Ostrowiec, Ostrowiec \u015awi\u0119tokrzyski, PL<\/p>\n<p>2015<\/p>\n<p><em>Two Sticks<\/em>; wystawa w ramach Think Tank lab Triennale International Festival of Contemporary Drawing, Muzeum Architektury, Wroc\u0142aw, PL<\/p>\n<p>42. Biennale Malarstwa Bielska Jesie\u0144, Bielsko-Bia\u0142a, PL<\/p>\n<p><em>Obiekt\u00f3w dla obrazu ju\u017c nie ma<\/em>, Galeria Monopol, Warszawa, PL<\/p>\n<p><em>Pot\u0119ga abstrakcji<\/em>, Muzeum Sztuki Wsp\u00f3\u0142czesnej, Mi\u0144sk, BY<\/p>\n<p><em>Szberland<\/em> w ramach przegl\u0105du sztuki Survival13, Koszary Oddzia\u0142\u00f3w Prewencji Policji, Wroc\u0142aw, PL<\/p>\n<p><em>Kryj\u00f3wka<\/em>, Galeria Labirynt, Lublin, PL<\/p>\n<p><em>(Nie) dotykaj! Haptyczne aspekty sztuki polskiej po 1945 roku, <\/em>CSW Znaki Czasu, Toru\u0144, PL<\/p>\n<p><em>Otwarta kolekcja<\/em>, Muzeum Sztuki Wsp\u00f3\u0142czesnej, Oddzia\u0142 Muzeum Narodowego, Szczecin, PL<\/p>\n<p><em>Ceci n&#8217;est pas cette pipe, <\/em>Galeria Propaganda, Warszawa, PL<\/p>\n<p><em>Still in Motion,<\/em> E.M.Galerie, Drachten, NL<\/p>\n<p>2014<\/p>\n<p><em>Granice malarstwa<\/em> w ramach cyklu wystaw: Artefakty, Galeria Sztuki Wsp\u00f3\u0142czesnej BWA, Przemy\u015bl, PL<\/p>\n<p><em>Czeski Papie\u017c<\/em>, MOS \u2014 Ma\u0142opolski Ogr\u00f3d Sztuki, Krak\u00f3w, PL<\/p>\n<p><em>biala.art.pl<\/em>, Galeria Bia\u0142a, Lublin, PL<\/p>\n<p><em>Mi\u0142o\u015b\u0107 w\u0142asna. Czyli arty\u015bci kochaj\u0105 siebie,<\/em> PGS, Sopot, PL<\/p>\n<p><em>Sztuka cenniejsza ni\u017c b\u0142oto<\/em>, Browar Lubicz, Krak\u00f3w, PL<\/p>\n<p><em>Ostre ko\u0142o<\/em>, Browar Lubicz, Krak\u00f3w, PL<\/p>\n<p><em>Czeski Papie\u017c<\/em>, Galeria MeetFactory, Praga, CZ<\/p>\n<p><em>Niezgodnie z instrukcj\u0105,<\/em> Galeria Sztuki Wsp\u00f3\u0142czesnej, Opole, PL<\/p>\n<p><em>Mleczne z\u0119by<\/em>, Baszta Czarownic, S\u0142upsk, PL<\/p>\n<p>2013<\/p>\n<p>41. Biennale Malarstwa <em>Bielska Jesie\u0144 2014<\/em>, Bielsko-Bia\u0142a,\u00a0PL<\/p>\n<p><em>Pozytyw\/negatyw<\/em>, XVII Mi\u0119dzynarodowe Targi Artystyczne Art Moscow, Central House of Artists, Moskwa, RU<\/p>\n<p><em>clouds on nail<\/em>, Knoll GalerieWien, Wiede\u0144, AT<\/p>\n<p><em>Damage has been done<\/em>, Galeria EL, Elbl\u0105g, PL<\/p>\n<p><em>Urwanie g\u0142owy,<\/em> Zona Sztuki Aktualnej, Szczecin, PL<\/p>\n<p><em>Mleczne z\u0119by<\/em>, BWA, Katowice, PL<\/p>\n<p>2012<\/p>\n<p><em>Curators Network<\/em>, udzia\u0142 z Ew\u0105 Juszkiewicz, MOCAK, Krak\u00f3w, PL<\/p>\n<p><em>Przekroczenie II<\/em> ,O\u015brodek Dzia\u0142a\u0144 Artystycznych &#8211; Galeria Sztuki, Piotrk\u00f3w Trybunalski, PL<\/p>\n<p><em>J\u0105dro ciemno\u015bci<\/em> w ramach 8. <em>Festiwalu<\/em>\u00a0Sztuki Wizualnej\u00a0<em>inSPIRACJE<\/em>, Zona Sztuki Aktualnej, Szczecin, PL<\/p>\n<p><em>O.M.G.,<\/em> Galeria Miejska, Wroc\u0142aw, PL<\/p>\n<p><em>Milczenie \u015bniegu<\/em>, Austriacki Konsulat Generalny w Krakowie oraz Dom Norymberski, Krak\u00f3w, PL<\/p>\n<p><em>Malarstwo o obrazach \u2014 Roman Siwulak, Obrazy o malarstwie \u2014 Bartosz Kokosi\u0144ski<\/em>, Galeria Malarstwa ASP, Krak\u00f3w, PL<\/p>\n<p><em>Je abstrakter die Kunst wird, desto mehr wird sie Kunst<\/em>. Bestregarts Junge Kunst, Frankfurt nad Menem, DE<\/p>\n<p>2011<\/p>\n<p><em>Przeci\u0105g<\/em>, Zach\u0119ta Sztuki Wsp\u00f3\u0142czesnej, Szczecin, PL<\/p>\n<p>10. konkurs Gepperta, BWA Awangarda, Wroc\u0142aw, PL<\/p>\n<p>6. Triennale M\u0142odych w Centrum Rze\u017aby Polskiej, Oro\u0144sko, PL<\/p>\n<p>Udzia\u0142 w mi\u0119dzynarodowych targach sztuki Preview Berlin, Tempelhof, Berlin, DE<\/p>\n<p>Rybie Oko 6, Galeria Kameralna, S\u0142upsk, PL<\/p>\n<p><em>Kinderspiele<\/em>, Zbiornik Kultury, Krak\u00f3w, PL<\/p>\n<p>2008<\/p>\n<p><em>blankly, perfect summer<\/em>, VertexList, Nowy York, USA<\/p>\n<p>2007<\/p>\n<p><em>Jeune creation europ\u00e9enne<\/em>, Montrouge, FR<\/p>\n<p>2006<\/p>\n<p>Wystawa malarstwa z Akademii Sztuk Pi\u0119knych w Krakowie, Kunststation, Kleinsassen, DE<\/p>","protected":false},"featured_media":0,"template":"","categories":[],"class_list":["post-145","artist","type-artist","status-publish","hentry"],"acf":[],"_links":{"self":[{"href":"https:\/\/galeriamonopol.pl\/pl\/wp-json\/wp\/v2\/artist\/145","targetHints":{"allow":["GET"]}}],"collection":[{"href":"https:\/\/galeriamonopol.pl\/pl\/wp-json\/wp\/v2\/artist"}],"about":[{"href":"https:\/\/galeriamonopol.pl\/pl\/wp-json\/wp\/v2\/types\/artist"}],"wp:attachment":[{"href":"https:\/\/galeriamonopol.pl\/pl\/wp-json\/wp\/v2\/media?parent=145"}],"wp:term":[{"taxonomy":"category","embeddable":true,"href":"https:\/\/galeriamonopol.pl\/pl\/wp-json\/wp\/v2\/categories?post=145"}],"curies":[{"name":"wp","href":"https:\/\/api.w.org\/{rel}","templated":true}]}}

Bartosz Kokosiński

<p>Bartosz Kokosiński urodził się w 1984. Malarz, artysta wizualny. W latach 2004–2009 studiował na wydziale malarstwa w Akademii Sztuk Pięknych w Krakowie. Czterokrotny stypendysta Ministra Kultury i Dziedzictwa Narodowego. Brał udział m.in. w 6. Triennale Sztuki Młodych w Orońsku oraz w 10. Konkursie Gepperta we Wrocławiu, a w 2015 roku otrzymał wyróżnienie na 42. Biennale Malarstwa „Bielska Jesień”.</p>
<p><em>Bartosz Kokosiński, podejmuje artystyczną refleksję nad fenomenem obrazu, ponawiając pytanie o jego status i znaczenie. Nie interesuje go aspekt ilustracyjności medium malarstwa, ale sam proces malarski, fizyczność materii, z której powstaje obraz. Artysta poddaje obrazy deformacji: wygina ich strukturę, wywraca płótna na drugą stronę, wpycha do nich różne przedmioty. Jego dzieła bywają ułomne, „chorują”, prezentują widzom swoje niedoskonałości (…). Malarstwo Kokosińskiego ma w sobie silny pierwiastek autentyczności, jest zapisem doświadczeń i emocji, zwątpień i podejmowanych na nowo prób wypracowania własnego języka wypowiedzi w tym nieuznającym kompromisów medium.</em></p>
<p style="text-align: right;">Ewa Gorządek</p>
<p>&nbsp;</p>
<p>Wybrane wystawy indywidualne:</p>
<p>2023</p>
<p><em>Świat jako tło</em>, Galeria Sztuki Współczesnej Pastula, Warszawa, PL</p>
<p>2022</p>
<p><em>Lśnienia</em>, ABC Gallery, Poznań, PL (z Konradem Maciejewiczem)</p>
<p><em>Egzotarium</em>, Galeria Geppart, Wrocław, PL</p>
<p><em>Lśnienia</em>, Inne Towarzystwo, Warszawa, PL (z Konradem Maciejewiczem)</p>
<p><em>Czarno to widzę</em>, Galeria Monopol, Warszawa, PL</p>
<p><em>Bartosz Kokosiński</em>, Galerie Dolu Michal, Ostrawa, CZ</p>
<p>2020</p>
<p><em>Niedokończone historie</em>, Fundacja KZMRZ, Kazimierz Dolny, PL</p>
<p>2019</p>
<p><em>Bye Bye Budapest!</em>, Galeria 1111, Budapeszt, Węgry, HU</p>
<p>2017</p>
<p><em>Czad</em>, Galeria Krynki, Krynki, PL</p>
<p><em>Pastelowy osiedlowy</em>, Galeria Monopol, Warszawa, PL</p>
<p><em>Wspólnota wyobrażeń o gęstości</em>, Państwowa Galeria Sztuki, Sopot, PL</p>
<p>2016</p>
<p><em>Moment ścinający kołek</em>, Project Room, Centrum Sztuki Współczesnej Zamek Ujazdowski, Warszawa, PL</p>
<p><em>Zgrzyt</em>, Galeria BWA, Miejski Ośrodek Sztuki, Gorzów Wielkopolski, PL</p>
<p><em>Dysfunctional Matter</em>, Knoll Galerie, Wiedeń, AT</p>
<p>2015</p>
<p><em>Nic nie jest prawdziwe, ale wszystko możliwe,</em> Galeria Wieża Ciśnień, Konin, PL</p>
<p><em>Termokoloryzacja</em>, Lubelska 30/32, Warszawa, PL</p>
<p><em>Opary</em>, ABC Gallery, Poznań, PL</p>
<p>2014</p>
<p><em>Crack</em>, Knoll Galerie Budapest, Budapeszt, HU</p>
<p><em>Crack</em>, Knoll Galerie Wien, Wiedeń, AT</p>
<p>2013</p>
<p><em>Perwersyjne odchody myśli </em>(Thomas Bernhard), Galeria Promocyjna, Warszawa, PL</p>
<p><em>Bilder fressen Wirklichkeit,</em> Klub Polskich Nieudaczników, Berlin, DE</p>
<p><em>Gorączka</em>, ABC Gallery, Poznań, PL</p>
<p>2012</p>
<p><em>Niekontrolowane treści</em>, Młode Forum Sztuki, Lublin, PL</p>
<p><em>(Nie)porządek rzeczy</em>, Bunkier Sztuki, Kraków, PL</p>
<p>2011</p>
<p><em>Niektóre obrazy nie chcą być namalowane</em>, Galeria Sztuki Współczesnej BWA, Katowice, PL</p>
<p><em>(no) body (no) soul (no) art</em>, Galeria Kameralna, Słupsk, PL</p>
<p>2010</p>
<p><em>W formie,</em> Muzeum Miejskie Sztygarka, Dąbrowa Górnicza, PL</p>
<p><em>Na początek-koniec,</em> Galeria Nova, Kraków, PL</p>
<p>2007</p>
<p><em>Wstyd przed powtórzeniem</em>, Galeria Nova, Kraków, PL</p>
<p>&nbsp;</p>
<p>Wybrane wystawy zbiorowe:</p>
<p>2023</p>
<p><em>Co robimy z resztą dnia</em>, Pani Domu, Poznań, PL</p>
<p>2022</p>
<p><em>Z rodziną</em>, Inne Towarzystwo, Warszawa, PL</p>
<p><em>Widzialność</em>, NOWA Art Space, Nowa Ruda, PL</p>
<p>2019</p>
<p><em>Nazywam się Czerwień</em>, Państwowa Galeria Sztuki, Sopot, PL</p>
<p><em>Czarna żółć</em>, Galeria Kameralna, Słupsk, PL</p>
<p><em>Dotknij sztuki</em>, Centrum Sztuki Współczesnej Zamek Ujazdowski, Warszawa, PL</p>
<p><em>Lato w mieście</em>, Galeria Monopol, Warszawa, PL</p>
<p><em>Natura w sztuce</em>, Muzeum Sztuki Współczesnej MOCAK, Kraków, PL</p>
<p>2018</p>
<p><em>Jak Cybis?</em>, Galeria Muzeum Śląska Opolskiego, Opole, PL</p>
<p><em>Życie jest podwórkiem</em>, w ramach 13. Festiwalu Sztuki Wizualnej inSPIRACJE, TRAFO Trafostacja Sztuki, Szczecin, PL</p>
<p><em>Nagła śmierć głównego bohatera</em>, KUBIK art space, Budapeszt, HU</p>
<p><em>Prace obojętne</em>, Galeria Sztuki im. Jana Tarasina, Kalisz, PL</p>
<p><em>Powietrze i inne rzeczy potrzebne nam do życia</em>, Galeria Bielska BWA, Bielsko-Biała, PL</p>
<p><em>Kunszt. 100 lat Polskiej Rzeźby</em>, Muzeum Sztuki Bourse, Ryga, LV</p>
<p>2017</p>
<p><em>Co z tą abstrakcją?</em>, Fundacja Stefana Gierowskiego, Warszawa, PL</p>
<p><em>Kunstwerk Leben</em>, Center for Persecuted Arts, Solingen, DE</p>
<p><em>Cudowne lata, Kokosiński / Matyszewski</em>, Galeria Biała, Lublin, PL</p>
<p><em>#biblioteka</em>, Centrum Kultury Zamek, Poznań, PL</p>
<p>2016<br />
<em>DADA tak? tak!,</em> Galeria Biala, Lublin, PL</p>
<p><em>Wreszcie we własnym domu. Dom polski w transformacji</em>. Festiwal <em>Warszawa w budowie</em>, Warszawa, PL</p>
<p><em>Poszukując wolności. Polskie malarstwo współczesne</em>, Muzeum narodowe, Kijów, UA</p>
<p><em>Medycyna w sztuce</em>, Muzeum Sztuki Współczesnej, Kraków, PL</p>
<p>Ojciec szklarz, matka szyba&#8221;, galeria Henryk, Kraków, PL</p>
<p><em>Inny świat</em>, BWA Ostrowiec, Ostrowiec Świętokrzyski, PL</p>
<p>2015</p>
<p><em>Two Sticks</em>; wystawa w ramach Think Tank lab Triennale International Festival of Contemporary Drawing, Muzeum Architektury, Wrocław, PL</p>
<p>42. Biennale Malarstwa Bielska Jesień, Bielsko-Biała, PL</p>
<p><em>Obiektów dla obrazu już nie ma</em>, Galeria Monopol, Warszawa, PL</p>
<p><em>Potęga abstrakcji</em>, Muzeum Sztuki Współczesnej, Mińsk, BY</p>
<p><em>Szberland</em> w ramach przeglądu sztuki Survival13, Koszary Oddziałów Prewencji Policji, Wrocław, PL</p>
<p><em>Kryjówka</em>, Galeria Labirynt, Lublin, PL</p>
<p><em>(Nie) dotykaj! Haptyczne aspekty sztuki polskiej po 1945 roku, </em>CSW Znaki Czasu, Toruń, PL</p>
<p><em>Otwarta kolekcja</em>, Muzeum Sztuki Współczesnej, Oddział Muzeum Narodowego, Szczecin, PL</p>
<p><em>Ceci n&#8217;est pas cette pipe, </em>Galeria Propaganda, Warszawa, PL</p>
<p><em>Still in Motion,</em> E.M.Galerie, Drachten, NL</p>
<p>2014</p>
<p><em>Granice malarstwa</em> w ramach cyklu wystaw: Artefakty, Galeria Sztuki Współczesnej BWA, Przemyśl, PL</p>
<p><em>Czeski Papież</em>, MOS — Małopolski Ogród Sztuki, Kraków, PL</p>
<p><em>biala.art.pl</em>, Galeria Biała, Lublin, PL</p>
<p><em>Miłość własna. Czyli artyści kochają siebie,</em> PGS, Sopot, PL</p>
<p><em>Sztuka cenniejsza niż błoto</em>, Browar Lubicz, Kraków, PL</p>
<p><em>Ostre koło</em>, Browar Lubicz, Kraków, PL</p>
<p><em>Czeski Papież</em>, Galeria MeetFactory, Praga, CZ</p>
<p><em>Niezgodnie z instrukcją,</em> Galeria Sztuki Współczesnej, Opole, PL</p>
<p><em>Mleczne zęby</em>, Baszta Czarownic, Słupsk, PL</p>
<p>2013</p>
<p>41. Biennale Malarstwa <em>Bielska Jesień 2014</em>, Bielsko-Biała, PL</p>
<p><em>Pozytyw/negatyw</em>, XVII Międzynarodowe Targi Artystyczne Art Moscow, Central House of Artists, Moskwa, RU</p>
<p><em>clouds on nail</em>, Knoll GalerieWien, Wiedeń, AT</p>
<p><em>Damage has been done</em>, Galeria EL, Elbląg, PL</p>
<p><em>Urwanie głowy,</em> Zona Sztuki Aktualnej, Szczecin, PL</p>
<p><em>Mleczne zęby</em>, BWA, Katowice, PL</p>
<p>2012</p>
<p><em>Curators Network</em>, udział z Ewą Juszkiewicz, MOCAK, Kraków, PL</p>
<p><em>Przekroczenie II</em> ,Ośrodek Działań Artystycznych &#8211; Galeria Sztuki, Piotrków Trybunalski, PL</p>
<p><em>Jądro ciemności</em> w ramach 8. <em>Festiwalu</em> Sztuki Wizualnej <em>inSPIRACJE</em>, Zona Sztuki Aktualnej, Szczecin, PL</p>
<p><em>O.M.G.,</em> Galeria Miejska, Wrocław, PL</p>
<p><em>Milczenie śniegu</em>, Austriacki Konsulat Generalny w Krakowie oraz Dom Norymberski, Kraków, PL</p>
<p><em>Malarstwo o obrazach — Roman Siwulak, Obrazy o malarstwie — Bartosz Kokosiński</em>, Galeria Malarstwa ASP, Kraków, PL</p>
<p><em>Je abstrakter die Kunst wird, desto mehr wird sie Kunst</em>. Bestregarts Junge Kunst, Frankfurt nad Menem, DE</p>
<p>2011</p>
<p><em>Przeciąg</em>, Zachęta Sztuki Współczesnej, Szczecin, PL</p>
<p>10. konkurs Gepperta, BWA Awangarda, Wrocław, PL</p>
<p>6. Triennale Młodych w Centrum Rzeźby Polskiej, Orońsko, PL</p>
<p>Udział w międzynarodowych targach sztuki Preview Berlin, Tempelhof, Berlin, DE</p>
<p>Rybie Oko 6, Galeria Kameralna, Słupsk, PL</p>
<p><em>Kinderspiele</em>, Zbiornik Kultury, Kraków, PL</p>
<p>2008</p>
<p><em>blankly, perfect summer</em>, VertexList, Nowy York, USA</p>
<p>2007</p>
<p><em>Jeune creation européenne</em>, Montrouge, FR</p>
<p>2006</p>
<p>Wystawa malarstwa z Akademii Sztuk Pięknych w Krakowie, Kunststation, Kleinsassen, DE</p>
