{"id":1857,"date":"2017-06-20T12:40:11","date_gmt":"2017-06-20T12:40:11","guid":{"rendered":"http:\/monopol.previewww.pl\/?page_id=1857"},"modified":"2025-09-23T14:36:59","modified_gmt":"2025-09-23T12:36:59","slug":"jan-dziaczkowski","status":"publish","type":"artist","link":"https:\/\/galeriamonopol.pl\/pl\/artists\/jan-dziaczkowski\/","title":{"rendered":"Jan Dziaczkowski"},"content":{"rendered":"<p>Jan Dziaczkowski urodzi\u0142 si\u0119 w 1983 roku. Malarz, fotograf i tw\u00f3rca kola\u017cy. Autor ilustracji do pism muzycznych, spo\u0142ecznych i kulturalnych, projektant ok\u0142adek ksi\u0105\u017cek i p\u0142yt. W latach 2002\u20132007 studiowa\u0142 na Wydziale Malarstwa warszawskiej Akademii Sztuk Pi\u0119knych. Dyplom uzyska\u0142 w pracowni prof. Krzysztofa Wachowiaka. W latach 2004\u20132007 wsp\u00f3\u0142tworzy\u0142 nieformaln\u0105 grup\u0119 Pracownia Nuku. W 2007 roku nak\u0142adem Korporacji Ha!art ukaza\u0142 si\u0119 jego debiutancki album <em>Kola\u017ce<\/em>. Ma w swoim dorobku ilustracje dla \u201eMachiny\u201d, \u201eArchitektury\u201d, \u201eA4\u201d, \u201eHa!artu\u201d i \u201ePrzekroju\u201d. Zgin\u0105\u0142 tragicznie 20 wrze\u015bnia 2011 roku pod Zawratem w Tatrach.<\/p>\n<p>&nbsp;<\/p>\n<p>Wybrane wystawy indywidualne:<\/p>\n<p>2015<\/p>\n<p><em>Jan Dziaczkowski. Historie prawdziwe i zmy\u015blone<\/em>, Zach\u0119ta \u2014 Narodowa Galeria Sztuki, Warszawa, PL<\/p>\n<p>2010<\/p>\n<p><em>Keine Grenze<\/em>, Laurence Miller Gallery, Nowy Jork, USA<\/p>\n<p><em>Prawdziwe i zmy\u015blone historie ameryka\u0144skie<\/em>, Galeria aTAK, Warszawa, PL<\/p>\n<p><em>Japanese Monster Movies, <\/em>Galeria ZPAF, Krak\u00f3w, PL<\/p>\n<p>2009<\/p>\n<p><em>G\u00f3ry dla Warszawy<\/em>, Fundacja B\u0119c Zmiana, Warszawa, PL<\/p>\n<p><em>Keine Grenze<\/em>, V8 Galerie, Kolonia, DE<\/p>\n<p>2008<\/p>\n<p><em>Keine Grenze,<\/em> Galeria ZPAF, Krak\u00f3w, PL<\/p>\n<p>2007<\/p>\n<p><em>Nowe kola\u017ce,<\/em> Galeria Piotra Nowickiego, Warszawa, PL<\/p>\n<p>2005<\/p>\n<p><em>Polskie hafty<\/em>, TR, Warszawa, PL<\/p>\n<p>2004<\/p>\n<p><em>Pozdrowienia z wakacji<\/em>, TR, Warszawa, PL<\/p>\n<p>&nbsp;<\/p>\n<p>Wybrane wystawy zbiorowe:<\/p>\n<p>2025<\/p>\n<p><em>Nie pytaj o Polsk\u0119<\/em>, CSW, Toru\u0144, PL<\/p>\n<p><em>Nowe wyrazy. Konteksty wizualne wsp\u00f3\u0142czesnych ksi\u0105\u017cek poetyckich<\/em>, Muzeum Literatury, Warszawa, PL<\/p>\n<p>2022<\/p>\n<p><em>Collage. Klejone \u015bwiaty<\/em>, Pawilon Czterech Kopu\u0142, Wroc\u0142aw, PL<\/p>\n<p>2021<\/p>\n<p><em>Peaks, Pics and Other Inconsistencies<\/em>,\u00a0Liptovsk\u00e1 gal\u00e9ria Petra Michala Boh\u00fa\u0148a, Liptovsky Mikulas, SK<\/p>\n<p>2019<\/p>\n<p><em>Lato w mie\u015bcie<\/em>, Galeria Monopol, Warszawa, PL<\/p>\n<p>2017<\/p>\n<p><em>Relacja Warszawa \u2013 Zakopane, <\/em>Muzeum Narodowe, Kr\u00f3likarnia, Warszawa, PL<\/p>\n<p>2011<\/p>\n<p><em>Polish Contemporary Illustration Exhibition,<\/em> Pigasus Gallery, Berlin, DE<\/p>\n<p><em>Award of the Vordemberge\u2013Gildewart Foundation<\/em>, MOCAK Muzeum Sztuki Wsp\u00f3\u0142czesnej, Krak\u00f3w, PL<\/p>\n<p>2010<\/p>\n<p><em>You Can\u2019t Get There From Here<\/em>, Camera Club Of New York, Nowy Jork, USA<\/p>\n<p><em>The Summer of Youth<\/em>, Zach\u0119ta \u2014 Narodowa Galeria Sztuki, Warszawa, PL<\/p>\n<p><em>Modernisation<\/em>, PHotoEspa\u00f1a, Aula Cultural Universidad Abierta, Cuenca, Hiszpania, ES<\/p>\n<p>2009<\/p>\n<p><em>Nieodkryte\/Niewypowiedziane<\/em>, Nowy Teatr, Warszawa, PL<\/p>\n<p><em>Young? Young!,<\/em> Angle Art Contemporain, Saint-Paul-Troix-Chateaux, FR<\/p>\n<p><em>Renoma: Reflections of Wroc\u0142aw<\/em>, Arup Building, Londyn, UK<\/p>\n<p>39. Biennale Malarstwa <em>Bielska Jesie\u0144<\/em>, BWA, Bielsko-Bia\u0142a, PL<\/p>\n<p>2008<\/p>\n<p><em>Atrakcja malarska<\/em>, Galeria Witryna, Warszawa, PL<\/p>\n<p><em>Efekt czerwonych oczu. Fotografia polska XXI wieku<\/em>, CSW Zamek Ujazdowski, Warszawa<\/p>\n<p><em>Pami\u0119tniki pokolenia tamagotchi,<\/em> Galeria Klimy Boche\u0144skiej, Warszawa, PL<\/p>\n<p>Biennale <em>Rybie Oko<\/em>, Ba\u0142tycka Galeria Sztuki, Ustka, PL<\/p>\n<p><em>Betonowe dziedzictwo<\/em>, Instytut Polski, Rzym, IT<\/p>\n<p><em>Polska Wenus<\/em>, Krak\u00f3w, PL<\/p>\n<p>2007<\/p>\n<p>Biennale Malarstwa <em>Bielska Jesie\u0144<\/em>, BWA, Bielsko-Bia\u0142a, PL<\/p>\n<p><em>Malarstwo! Pr\u0105d zmienny<\/em>, BWA, Wroc\u0142aw, PL<\/p>\n<p><em>M\u0142odzi z Warszawy<\/em>, O\u015brodek Propagandy Sztuki, \u0141\u00f3d\u017a, PL<\/p>\n<p>2006<\/p>\n<p>Jeunes Cr\u00e9ateurs Europ\u00e9ens, Montrouge, Pary\u017c, FR<\/p>\n<p>2005<\/p>\n<p><em>Las lanzas<\/em>, Akademia Sztuk Pi\u0119knych, Warszawa, PL<\/p>\n<p><em>Jako\u015b to b\u0119dzie<\/em>, Galeria Piotra Nowickiego, Warszawa, PL<\/p>\n<p>Semana Santa, CCM, Faculdad Des Bellas Artes, Cuenca, ES<\/p>\n<p>2004<\/p>\n<p><em>Merci pour les fruits<\/em>, Galeria Kuluary, Warszawa, PL<\/p>\n<p><em>Prowansja w Fabryce Trzciny<\/em>, Fabryka Trzciny, Warszawa, PL<\/p>","protected":false},"featured_media":0,"template":"","categories":[],"class_list":["post-1857","artist","type-artist","status-publish","hentry"],"acf":[],"_links":{"self":[{"href":"https:\/\/galeriamonopol.pl\/pl\/wp-json\/wp\/v2\/artist\/1857","targetHints":{"allow":["GET"]}}],"collection":[{"href":"https:\/\/galeriamonopol.pl\/pl\/wp-json\/wp\/v2\/artist"}],"about":[{"href":"https:\/\/galeriamonopol.pl\/pl\/wp-json\/wp\/v2\/types\/artist"}],"wp:attachment":[{"href":"https:\/\/galeriamonopol.pl\/pl\/wp-json\/wp\/v2\/media?parent=1857"}],"wp:term":[{"taxonomy":"category","embeddable":true,"href":"https:\/\/galeriamonopol.pl\/pl\/wp-json\/wp\/v2\/categories?post=1857"}],"curies":[{"name":"wp","href":"https:\/\/api.w.org\/{rel}","templated":true}]}}

<p>Jan Dziaczkowski urodził się w 1983 roku. Malarz, fotograf i twórca kolaży. Autor ilustracji do pism muzycznych, społecznych i kulturalnych, projektant okładek książek i płyt. W latach 2002–2007 studiował na Wydziale Malarstwa warszawskiej Akademii Sztuk Pięknych. Dyplom uzyskał w pracowni prof. Krzysztofa Wachowiaka. W latach 2004–2007 współtworzył nieformalną grupę Pracownia Nuku. W 2007 roku nakładem Korporacji Ha!art ukazał się jego debiutancki album <em>Kolaże</em>. Ma w swoim dorobku ilustracje dla „Machiny”, „Architektury”, „A4”, „Ha!artu” i „Przekroju”. Zginął tragicznie 20 września 2011 roku pod Zawratem w Tatrach.</p>
<p>&nbsp;</p>
<p>Wybrane wystawy indywidualne:</p>
<p>2015</p>
<p><em>Jan Dziaczkowski. Historie prawdziwe i zmyślone</em>, Zachęta — Narodowa Galeria Sztuki, Warszawa, PL</p>
<p>2010</p>
<p><em>Keine Grenze</em>, Laurence Miller Gallery, Nowy Jork, USA</p>
<p><em>Prawdziwe i zmyślone historie amerykańskie</em>, Galeria aTAK, Warszawa, PL</p>
<p><em>Japanese Monster Movies, </em>Galeria ZPAF, Kraków, PL</p>
<p>2009</p>
<p><em>Góry dla Warszawy</em>, Fundacja Bęc Zmiana, Warszawa, PL</p>
<p><em>Keine Grenze</em>, V8 Galerie, Kolonia, DE</p>
<p>2008</p>
<p><em>Keine Grenze,</em> Galeria ZPAF, Kraków, PL</p>
<p>2007</p>
<p><em>Nowe kolaże,</em> Galeria Piotra Nowickiego, Warszawa, PL</p>
<p>2005</p>
<p><em>Polskie hafty</em>, TR, Warszawa, PL</p>
<p>2004</p>
<p><em>Pozdrowienia z wakacji</em>, TR, Warszawa, PL</p>
<p>&nbsp;</p>
<p>Wybrane wystawy zbiorowe:</p>
<p>2025</p>
<p><em>Nie pytaj o Polskę</em>, CSW, Toruń, PL</p>
<p><em>Nowe wyrazy. Konteksty wizualne współczesnych książek poetyckich</em>, Muzeum Literatury, Warszawa, PL</p>
<p>2022</p>
<p><em>Collage. Klejone światy</em>, Pawilon Czterech Kopuł, Wrocław, PL</p>
<p>2021</p>
<p><em>Peaks, Pics and Other Inconsistencies</em>, Liptovská galéria Petra Michala Bohúňa, Liptovsky Mikulas, SK</p>
<p>2019</p>
<p><em>Lato w mieście</em>, Galeria Monopol, Warszawa, PL</p>
<p>2017</p>
<p><em>Relacja Warszawa – Zakopane, </em>Muzeum Narodowe, Królikarnia, Warszawa, PL</p>
<p>2011</p>
<p><em>Polish Contemporary Illustration Exhibition,</em> Pigasus Gallery, Berlin, DE</p>
<p><em>Award of the Vordemberge–Gildewart Foundation</em>, MOCAK Muzeum Sztuki Współczesnej, Kraków, PL</p>
<p>2010</p>
<p><em>You Can’t Get There From Here</em>, Camera Club Of New York, Nowy Jork, USA</p>
<p><em>The Summer of Youth</em>, Zachęta — Narodowa Galeria Sztuki, Warszawa, PL</p>
<p><em>Modernisation</em>, PHotoEspaña, Aula Cultural Universidad Abierta, Cuenca, Hiszpania, ES</p>
<p>2009</p>
<p><em>Nieodkryte/Niewypowiedziane</em>, Nowy Teatr, Warszawa, PL</p>
<p><em>Young? Young!,</em> Angle Art Contemporain, Saint-Paul-Troix-Chateaux, FR</p>
<p><em>Renoma: Reflections of Wrocław</em>, Arup Building, Londyn, UK</p>
<p>39. Biennale Malarstwa <em>Bielska Jesień</em>, BWA, Bielsko-Biała, PL</p>
<p>2008</p>
<p><em>Atrakcja malarska</em>, Galeria Witryna, Warszawa, PL</p>
<p><em>Efekt czerwonych oczu. Fotografia polska XXI wieku</em>, CSW Zamek Ujazdowski, Warszawa</p>
<p><em>Pamiętniki pokolenia tamagotchi,</em> Galeria Klimy Bocheńskiej, Warszawa, PL</p>
<p>Biennale <em>Rybie Oko</em>, Bałtycka Galeria Sztuki, Ustka, PL</p>
<p><em>Betonowe dziedzictwo</em>, Instytut Polski, Rzym, IT</p>
<p><em>Polska Wenus</em>, Kraków, PL</p>
<p>2007</p>
<p>Biennale Malarstwa <em>Bielska Jesień</em>, BWA, Bielsko-Biała, PL</p>
<p><em>Malarstwo! Prąd zmienny</em>, BWA, Wrocław, PL</p>
<p><em>Młodzi z Warszawy</em>, Ośrodek Propagandy Sztuki, Łódź, PL</p>
<p>2006</p>
<p>Jeunes Créateurs Européens, Montrouge, Paryż, FR</p>
<p>2005</p>
<p><em>Las lanzas</em>, Akademia Sztuk Pięknych, Warszawa, PL</p>
<p><em>Jakoś to będzie</em>, Galeria Piotra Nowickiego, Warszawa, PL</p>
<p>Semana Santa, CCM, Faculdad Des Bellas Artes, Cuenca, ES</p>
<p>2004</p>
<p><em>Merci pour les fruits</em>, Galeria Kuluary, Warszawa, PL</p>
<p><em>Prowansja w Fabryce Trzciny</em>, Fabryka Trzciny, Warszawa, PL</p>
